
Let h(a) = -296*a - 5370. What is h(-18)?
-42
Let z(j) = -2*j**2 + 207*j - 3735. Calculate z(79).
136
Let g(r) = r**2 + 77556*r - 465368. Determine g(6).
4
Let b(q) = -142900*q - 2715106. What is b(-19)?
-6
Let b(y) = -20*y**3 - 3189*y**2 - 1443*y - 1914. Determine b(-159).
-6
Let k(h) = -188*h + 16912. Give k(85).
932
Let w(n) = -7993191*n + 119897865. What is w(15)?
0
Let h(y) = 8*y**2 + 75*y + 52. Determine h(-10).
102
Let u(b) = 711*b - 993. Determine u(0).
-993
Let n(r) = -25*r**3 + 2474*r**2 + 117*r - 1677. Give n(99).
105
Let r(y) = -y**2 - 3196*y - 82401. Determine r(-26).
19
Let q(k) = 7443*k - 186050. Calculate q(25).
25
Let x(s) = -s**2 - 137*s - 4091. Give x(-96).
-155
Let b(h) = h**3 - 43*h**2 + 210511*h - 9477041. Give b(45).
4
Let l(s) = 528*s - 5326. Determine l(10).
-46
Let y(x) = 1264*x - 18899. Calculate y(15).
61
Let c(j) = -11572*j + 162070. Calculate c(14).
62
Let l(a) = 36*a**2 + 83*a + 281. What is l(-3)?
356
Let u(s) = -3147*s + 1820. Calculate u(1).
-1327
Let p(l) = -2303*l - 36222. What is p(-16)?
626
Let v(z) = 6007*z - 8711. Calculate v(2).
3303
Let q(c) = 13*c**2 + 94*c - 5471. Determine q(-25).
304
Let f(y) = 147*y**2 + 295*y - 9. Calculate f(-4).
1163
Let g(w) = 2*w**2 - 11793*w + 2464910. Give g(217).
7
Let p(h) = -1261025*h - 18915371. What is p(-15)?
4
Let o(d) = -d**2 + 2284*d + 57698. Determine o(-25).
-27
Let g(i) = i**3 - 2628*i**2 + 442906*i + 213. Determine g(181).
32
Let r(z) = -443*z + 303591. Calculate r(685).
136
Let f(x) = 4*x**2 - 450*x + 665. Give f(111).
-1
Let v(i) = -i**2 + 141065*i - 2397619. What is v(17)?
197
Let k(d) = -24930*d - 21. Calculate k(0).
-21
Let j(t) = 3*t**2 - 4526*t - 190583. Calculate j(-41).
26
Let t(v) = -v**2 - 632*v - 18503. Calculate t(-32).
697
Let q(y) = 1623*y + 13086. Give q(-8).
102
Let p(m) = -4960*m - 9916. Determine p(-2).
4
Let w(u) = 5*u**3 - 32*u**2 - 190*u + 1222. Calculate w(6).
10
Let m(g) = -g**3 - 209*g**2 - 145*g + 13082. Give m(-208).
-22
Let a(i) = 378*i + 8973. What is a(-24)?
-99
Let k(x) = 207951*x + 2911224. What is k(-14)?
-90
Let v(j) = -j**3 + 42*j**2 + 785*j - 236. Give v(-14).
-250
Let v(s) = -s**2 - 2966*s - 35443. What is v(-12)?
5
Let x(j) = 53*j**3 + 29*j**2 - 98*j - 6. Determine x(3).
1392
Let i(r) = 62*r**2 - 1431*r + 6413. What is i(17)?
4
Let m(x) = -51*x**2 - 3069*x - 41170. Determine m(-40).
-10
Let c(h) = -23411*h + 24885884. What is c(1063)?
-9
Let o(y) = -10437*y + 14110814. Give o(1352).
-10
Let g(s) = -17*s**2 + 293*s + 61. Calculate g(19).
-509
Let d(q) = -3*q**3 + 348*q**2 - 343*q - 192. Calculate d(115).
38
Let o(b) = 534*b + 58562. What is o(-107)?
1424
Let z(c) = 24725*c + 148411. Calculate z(-6).
61
Let i(c) = -12330*c + 3020893. What is i(245)?
43
Let k(a) = 3*a**3 - 109*a**2 + 128*a + 434. Determine k(35).
14
Let u(v) = 3371*v**2 - 30*v + 18. What is u(1)?
3359
Let t(x) = -4*x**2 - 3*x - 78. Determine t(14).
-904
Let m(d) = 2*d**3 + 37*d**2 + 18*d - 959. What is m(-15)?
346
Let w(b) = -b - 513. Determine w(82).
-595
Let b(m) = 1377*m + 192. Calculate b(1).
1569
Let p(r) = -r**3 + 261*r**2 + 1638*r - 9619. Determine p(267).
-7
Let x(n) = 11883*n + 1200181. Give x(-101).
-2
Let m(g) = -882*g + 45167. Give m(51).
185
Let r(c) = -5059*c - 2625673. Determine r(-519).
-52
Let z(l) = 94*l - 2997. Give z(22).
-929
Let l(j) = j**2 - 8873*j + 2029921. What is l(235)?
-9
Let u(i) = -i**3 - 33*i**2 - 38413*i - 38380. Calculate u(-1).
1
Let y(a) = 157*a - 1195. Give y(6).
-253
Let f(n) = -n**3 + 302*n**2 + 3251*n + 60148. What is f(313)?
52
Let q(v) = -1614*v + 49392. Calculate q(30).
972
Let p(f) = -88410*f + 10255570. Determine p(116).
10
Let k(y) = 49*y**3 + 8231*y**2 - 170*y - 338. What is k(-168)?
-2
Let a(n) = -11*n**3 - 23*n**2 + 84*n - 38. Determine a(4).
-774
Let t(y) = 35730*y - 286064. Determine t(8).
-224
Let t(z) = 15432*z - 185496. Determine t(12).
-312
Let y(c) = 12*c**2 - 171*c + 65. Determine y(14).
23
Let k(c) = c**3 + 26*c**2 - 119*c - 3473. Give k(-25).
127
Let m(h) = 2*h**3 + 14*h**2 + 8403*h + 50357. What is m(-6)?
11
Let u(x) = -37*x - 1461. Give u(-32).
-277
Let b(d) = 1320*d - 6664. Calculate b(6).
1256
Let w(d) = -3*d**3 - 30*d**2 + 215*d + 2158. Calculate w(-10).
8
Let f(v) = 23856*v + 119248. Determine f(-5).
-32
Let t(f) = -2*f**3 - 107*f**2 - 26*f - 108. What is t(-53)?
-1539
Let c(d) = 235201*d + 17404881. Give c(-74).
7
Let i(f) = -3*f**2 + 412*f - 2389. Calculate i(6).
-25
Let m(n) = -93622*n + 7115258. Calculate m(76).
-14
Let h(l) = l**2 - 735*l + 13767. Give h(19).
163
Let w(m) = m**3 + 46*m**2 - 3190*m + 200. What is w(-84)?
32
Let j(b) = -2*b**3 + 17*b**2 - 73*b + 270. Give j(7).
-94
Let g(r) = -1754*r - 87703. Calculate g(-50).
-3
Let a(r) = r**2 + 17*r - 172. Give a(4).
-88
Let s(g) = 23178*g + 23187. Calculate s(-1).
9
Let i(g) = -9*g**3 + 4*g**2 + 14*g + 5. Calculate i(-2).
65
Let s(o) = -23*o - 2933. Determine s(-115).
-288
Let j(u) = -u**3 + 378*u**2 + 1894*u + 8045. Determine j(383).
2
Let z(h) = -1437983*h + 27321683. Determine z(19).
6
Let a(i) = -31*i**2 - 232*i - 377. Calculate a(-5).
8
Let b(l) = 19306*l + 2065801. What is b(-107)?
59
Let g(x) = x**3 - 31*x**2 - 197*x - 794. Determine g(37).
131
Let y(t) = -t**3 - 936*t**2 - 180998*t + 281. Calculate y(-273).
8
Let v(s) = 6*s**3 + 51*s**2 + 55*s - 54. Give v(-7).
2
Let i(z) = z**3 + 245*z**2 + 2144*z + 72. Calculate i(-9).
-108
Let s(b) = -3*b**3 - 88*b**2 - 236*b + 2212. Determine s(-25).
-13
Let b(a) = 8*a**2 + 398*a - 17408. Determine b(28).
8
Let f(u) = u**3 + 58*u**2 - 742*u - 37442. Give f(-60).
-122
Let x(c) = -258*c**2 + 885*c - 2651. Give x(3).
-2318
Let x(w) = 3*w**3 - 578*w**2 - 22*w + 77959. What is x(192)?
7
Let o(u) = u**3 + 100*u**2 - 1227*u - 130966. Determine o(-99).
308
Let c(r) = 769*r + 64110. Give c(-86).
-2024
Let l(o) = -o**3 + 28*o**2 - 130*o + 62. Give l(6).
74
Let x(z) = -60*z - 53. What is x(2)?
-173
Let y(b) = -386*b + 49364. What is y(128)?
-44
Let g(j) = 2*j**3 - 44*j**2 + 107*j + 6. What is g(3)?
-15
Let y(q) = -1640*q + 136144. Determine y(83).
24
Let x(f) = -20694*f - 80097. Give x(-4).
2679
Let i(y) = 2*y**2 - 54*y + 234. What is i(65)?
5174
Let w(f) = -12899*f - 735196. Give w(-57).
47
Let x(f) = -9*f**2 - 3710*f + 29769. Determine x(8).
-487
Let u(g) = 2*g**2 - 369*g - 46695. Calculate u(271).
188
Let j(r) = 4*r**3 + 26*r**2 + 91*r + 17. Calculate j(-4).
-187
Let g(x) = 6*x**3 + 152*x**2 + 58*x - 96. Calculate g(-25).
-296
Let v(q) = q**3 - 4*q**2 + 70*q - 103. Give v(-13).
-3886
Let g(n) = -26*n**3 - 3720*n**2 - 284*n + 318. Calculate g(-143).
32
Let n(b) = 936*b - 148650. Calculate n(158).
-762
Let p(w) = 6792*w + 88285. Give p(-13).
-11
Let s(o) = -3*o**2 + 13144*o - 52542. Determine s(4).
-14
Let f(d) = 1593*d + 235764. Calculate f(-148).
0
Let c(v) = -18*v**2 + 45*v - 249. Determine c(6).
-627
Let q(h) = -7*h**2 + 307*h + 30021. What is q(91)?
-9
Let x(c) = 14981*c + 29717. Calculate x(-2).
-245
Let q(l) = -471*l - 133112. Determine q(-282).
-290
Let o(b) = -2*b**3 - 4*b**2 + 25*b + 48. Calculate o(-2).
-2
Let s(f) = -19*f**2 + 408*f - 568. Give s(17).
877
Let j(u) = 3*u**2 + 651*u + 4423. What is j(-210)?
13
Let q(x) = 12*x**2 + 1352*x - 288. What is q(-113)?
164
Let s(k) = -28*k + 7674. Give s(277).
-82
Let c(m) = -643*m**2 + 45654*m + 41. Give c(71).
112
Let h(w) = -4026*w**2 - 52364*w - 12. What is h(-13)?
326
Let t(p) = 2*p**2 - 495*p + 19455. Give t(49).
2
Let w(m) = -1130*m**3 - 8*m**2 - 129*m - 120. What is w(-1)?
1131
Let k(i) = 2*i**3 + 36*i**2 + 12*i - 41. Give k(-17).
333
Let s(t) = -775*t - 52789. What is s(-68)?
-89
Let y(z) = -1135*z**2 - 4670*z - 518. Give y(-4).
2
Let h(s) = -s**3 - 189*s**2 + 91*s - 16648. Calculate h(-190).
2162
Let s(w) = -w**2 + 991*w + 17044. Give s(-17).
-92
Let l(m) = 27*m**3 + 211*m**2 - 32*m + 71. Calculate l(-8).
7
Let t(s) = -5*s**3 - s**2 + 156*s + 970. Calculate t(-7).
1544
Let a(j) = 7*j**2 - 2279*j - 82790. Give a(-33).
40
Let d(x) = 300*x - 92987. Determine d(310).
13
Let v(w) = 227*w + 1435. Determine v(-4).
527
Let p(r) = -r**3 + 35*r**2 + 873*r + 2604. Give p(-14).
-14
Let g(n) = -2*n**3 + 313*n**2 + 995*n - 6. Determine g(0).
-6
Let l(p) = -p**3 + 105*p**2 + 225*p + 1413. What is l(107)?
2590
Let x(i) = 11*i**2 + 353*i + 670. Calculat